lculate o(d).
4
Let m(x) be the third derivative of x**6/120 + 13*x**3/3 + 24*x**2 + 2. Calculate m(0).
26
Suppose -5*h = -j - 3, 0*j + 15 = -5*h - 5*j. Suppose -2*n - 10 + 22 = h. Let q(a) = a**3 - 5*a**2 - 6*a - 4. Give q(n).
-4
Let w be (-36)/10 - 2/5. Let b = -9 + 15. Let x(j) = 589*j**2 - b - 9*j - 590*j**2 + 3*j. Determine x(w).
2
Let z(l) = l**3 - 4*l**2 + 5. Let p be z(4). Suppose n + 2 = j, -5*j - 5 = -n + p. Let d(y) = 4*y + 1. What is d(n)?
-19
Let y(w) = 0 + 3 - 3*w + 3. Suppose -4*c + 3*q = 8*q + 75, -66 = 4*c + 2*q. Let g be 1/(((-3)/c)/1). What is y(g)?
-9
Let z(w) = 2*w + 18. Let o(d) = 4*d + 36. Let p(q) = 2*o(q) - 5*z(q). Let f(g) = -5*g - 37. Let y(n) = -3*f(n) + 7*p(n). Calculate y(7).
-8
Let r = 12 + -15. Let j(l) = -14*l**3 - 17*l**2 + 26*l + 6. Let a(m) = 5*m**3 + 6*m**2 - 9*m - 2. Let f(s) = -11*a(s) - 4*j(s). Give f(r).
4
Let l(x) = -x**2 - 12*x - 12. Let b = -36 - -26. Calculate l(b).
8
Let x(r) = 0 + 1 - r + 4 + r**2 + 0. Let b = 65 - 65. What is x(b)?
5
Suppose 5*s + 10 + 10 = 0. Let x be (-8 - s) + (2 - -1) - 8. Let j(a) = -a**2 - 8*a + 10. Calculate j(x).
1
Let q = -15 + 45. Suppose -29 = -t - q. Let m(b) = 5*b. What is m(t)?
-5
Suppose 5*p - 12*p + 14 = 0. Let r(o) = 5*o**2 - 4*o + 2. Give r(p).
14
Let c(w) = 4*w**2 - 9*w - 19. Let k(q) = -11*q**2 + 26*q + 53. Let v(d) = 17*c(d) + 6*k(d). Calculate v(-4).
15
Let u(x) be the first derivative of -x**3/3 + x**2/2 + x + 29. Give u(-6).
-41
Let u(o) be the second derivative of -o**5/20 + o**4/2 - o**3/3 - 3*o**2/2 + 72*o. Calculate u(6).
-15
Suppose 0 = 2*t + b - 3, -78*b = -83*b + 5. Let j(d) = -d + d**2 + 0 + 0 - 6*d**3 + 1. Give j(t).
-5
Let u(q) = -q**2 - 5*q - 4. Let s = 21 + -18. Suppose -k + 5*k + 29 = -3*c, -24 = 3*c + s*k. Determine u(c).
2
Suppose -2*v + 7 = 2*p - 1, 5*v + 15 = 0. Suppose y - 16 = -2*r + 5*y, -5*r - y = -p. Let o(g) = g**2 + 2 + 1 - 5. What is o(r)?
2
Let i(a) = a + 3. Let u(s) = -12 + 16*s - 18*s - 16. Let r be u(-14). Give i(r).
3
Let k(y) = -y**3 - y**2 + 2*y. Let s = 549 - 551. What is k(s)?
0
Let n(m) = 3*m + 7. Let v be n(-3). Let x = -1 - v. Let d(h) = 5*h**3 - h. Give d(x).
4
Let u(q) = 2*q**2 - 18*q + 5. Let p(y) = -10*y - 52. Let d be p(-6). What is u(d)?
-11
Let l(f) = -2*f**2 + 18*f - 12. Let k = -344 - -352. What is l(k)?
4
Let r(d) be the first derivative of -8 + 0*d**2 + 1/120*d**5 + 0*d - 5/3*d**3 - 13/24*d**4. Let p(a) be the third derivative of r(a). Determine p(7).
-6
Let n(l) be the first derivative of l**4/4 - 4*l**3/3 - l**2 - 7*l - 2. Let m = 11 + -6. Calculate n(m).
8
Let f(k) = -k**3 + 11*k**2 - 9*k + 6. Suppose -2*g - 2*d = -26, 2*d - 4 = 2. Give f(g).
16
Let q(g) be the first derivative of -15*g**4/4 + g**3/3 - g + 254. What is q(-1)?
15
Suppose -o + 0*d = -3*d - 18, 0 = -o + 2*d + 13. Suppose -2 - 10 = -4*t. Let i(z) = -11*z**2 - 3*z**3 + 14*z**2 + 2*z**t. Calculate i(o).
0
Suppose 3*g + 60 = -4*l, -5*g = -2*l - 1 - 3. Let s be (6/(-4))/((-3)/l). Let v(z) = -3*z + 2. Let a(j) = -2*j + 2. Let r(n) = -7*a(n) + 5*v(n). What is r(s)?
2
Let g be 1/(2 + 2 - 3). Let o(m) = -781*m + 10*m**2 + 780*m - 4 + 4. Calculate o(g).
9
Let z be 7 + -5*(5 + -1). Let m(a) = -3*a - 42. What is m(z)?
-3
Let z(a) = 2*a**2 - 11 + a**2 - 2*a**2 - 5*a. Let g be z(7). Suppose g*n = -2*n. Let c(q) = q**3 + q**2 - 2. Give c(n).
-2
Let l(p) = -3*p + 6. Let k be 44/(-15 + 8 + 11). Give l(k).
-27
Let r(u) = -1 + 2*u - 4*u + 0. Let d be 7/2 + 10/20. Suppose -9*o - 41 = d. Determine r(o).
9
Let j be (-2)/2 + 1 - 4/2. Let t(q) = q**3 - 2*q. Give t(j).
-4
Let w(b) = b**3 + 7*b**2 + 6*b + 3. Let v = 55 + 242. Let o be v/(-45) + (-3)/(-5). Calculate w(o).
3
Suppose 1914*a - 1924*a + 70 = 0. Let c(r) = -r**3 + 8*r**2 - 10*r + 18. Give c(a).
-3
Let w(x) = -x**3 + 5*x**2 + 4*x + 4. Let m be (-49)/2*(5 - (5 - 2)). Let l = -43 - m. What is w(l)?
-8
Suppose 2*h + 3 = 1, 5*g - 2*h + 23 = 0. Let y(x) = -x**3 - x**2 + 6*x - 3. Let r(a) = -a**3 + 7*a - 4. Let z(k) = -3*r(k) + 4*y(k). Calculate z(g).
10
Let u be 1/(9/52) - (-8)/36. Let s(k) = -u + 2*k + 4*k - 9*k. Suppose -4*r = -2*r + 8. Give s(r).
6
Let j(a) = -4*a - a**3 - 3*a - a + 5*a**2 + 5*a. Suppose -8 = -2*n + 3*y, -4*n + 3*y + 7 = -9. Calculate j(n).
4
Let x(o) = 34*o. Suppose -39*j + 54 = 15. What is x(j)?
34
Let m(s) = -15*s + 14. Let p = -1434 - -1435. Give m(p).
-1
Suppose 4*q + 149 - 129 = 0. Let v(j) = j**3 + 6*j**2 + 7*j + 6. Calculate v(q).
-4
Let i(p) = p**2 - p + 13. Let u(l) be the second derivative of l**4/4 - l**3/2 + 39*l**2/2 + 11*l. Let s(v) = 11*i(v) - 4*u(v). Give s(0).
-13
Let q(k) = 0*k + k - 2*k. Let o be (-3)/((-1)/(-5) + (-14)/(-5)). Give q(o).
1
Let f = -1 - -3. Let s(z) = -4*z**2 - 9*z - 4 + 0 + z**2 + 2*z**f. Give s(-6).
14
Let f(h) = -h + 2. Let l = -521 - -527. Give f(l).
-4
Suppose -3*r = 5*o - 0*o - 32, -2*o + 16 = -2*r. Let l(b) = 0*b - o - 2 - b - 1. What is l(-7)?
-3
Let w be ((-1)/2)/(-1) + (-690)/92. Let x(k) = 5*k + 41. Determine x(w).
6
Let i(p) be the second derivative of -p**5/20 - p**4/2 + 5*p**3/3 - 3*p**2/2 - p - 20. What is i(-7)?
-24
Let u(k) = -2*k + 1. Suppose 0 = 4*w - 4, 4*h = h - 2*w - 4. Let a be u(h). Let g(q) = 2*q + 1. What is g(a)?
11
Let j(p) be the first derivative of 0*p - p + 8*p + 5 + 0*p + p**2. Give j(-5).
-3
Let j be 1*(-2 + 1)*-1. Let n(r) = 4 - r - 3*r + j. Suppose -8 = 2*k, 3*k = -4*l + 1 + 3. Give n(l).
-11
Suppose -2*z = -0*p + 3*p + 2, -2*p + 12 = -2*z. Let h(c) = 0*c**2 - 12*c**3 + 5*c**3 + 12*c**3 + c - 2*c**p. What is h(1)?
4
Let m(g) = -7*g + 1. Let q(w) = -10 + 15*w - 3 + 10. Let n(a) = 13*m(a) + 6*q(a). Determine n(-5).
0
Let m(u) = -u**2 + 35*u + 87. Let n be m(37). Let o(i) = -i**3 + 13*i**2 + i - 2. Determine o(n).
11
Let i(x) = -x**2 + 6*x - 3. Let z(a) = -7*a**2 - a**3 - 6*a - 2 + 16*a**2 + 6. Let t be z(8). Let n = -15 + t. Calculate i(n).
2
Let o(n) = 0 + 0 + 2 + 6 + 7 + n. Give o(-12).
3
Suppose r = -0*r. Suppose 0 = 4*i - i - 4*n - 4, -5*i + 2*n - 12 = r. Let m(l) = -2*l. Let h(k) = k. Let s(o) = -10*h(o) - 4*m(o). What is s(i)?
8
Suppose 5*s = -20, 0 = 5*m - 6*m - 5*s - 25. Suppose -l + 5 = -1. Let j(z) = 6*z + 4*z**2 - 5 - 3*z**2 + l + 6. Calculate j(m).
2
Let y(p) = 11*p - 4. Suppose -2*l + 312 = 308. Calculate y(l).
18
Let j(c) = c**2 + c + 1. Suppose -10*b + 9*b - 4 = 0. What is j(b)?
13
Let f(g) = 2*g**2 + 2. Let n(c) = -c**3 + 7*c**2 + 9*c - 6. Let m be n(8). What is f(m)?
10
Let u = 2 - 1. Let g(d) = d**2 + 2*d. Let n be g(-3). Let o(t) = -n*t - t + 5*t + 4*t. Calculate o(u).
5
Suppose -2*a - n - 10 = 0, -a - 30*n = -29*n + 5. Let d(l) = -1 + 4*l**2 + 0*l**3 - 4*l + l**3 - 5. Calculate d(a).
-11
Let c(k) = 2*k**2 - 6*k - 4. Let p be c(3). Let o(m) = -m**3 - 5*m**2 - 4*m - 5. Determine o(p).
-5
Let r(i) be the first derivative of 5*i**2/2 - 2*i + 139. What is r(1)?
3
Suppose t + 4 = -2*w, -19*t = -14*t - 2*w + 44. Let o(j) = 3*j - 6. Determine o(t).
-30
Let i(n) = 0*n**3 - 5*n**2 + 4*n - 7 + n**2 - n**3. Let u = -261 + 256. Give i(u).
-2
Let j(t) = 24*t**2 + 9*t - 7. Let i(u) = 7*u**2 + 3*u - 2. Let h(o) = -7*i(o) + 2*j(o). Determine h(-6).
-18
Let u(x) be the second derivative of 1/6*x**3 - 4*x - 1/12*x**4 + 0*x**2 + 0. Let a be 4/10 + (-7)/5. What is u(a)?
-2
Let v(q) be the first derivative of -q**4/12 + 7*q**3/6 - 3*q**2 - 12*q + 18. Let p(s) be the first derivative of v(s). What is p(6)?
0
Let v(a) = -a**3 + a**2 + 2*a - 1. Let m be (42/35)/(3/10). Suppose -2*d = 3*n - 1 + 7, 8 = -m*n + 2*d. Give v(n).
7
Suppose 4 = x + 2. Let j(t) = 74*t - 36*t - 37*t + t**x - 9. Suppose -l - 6*u = -u + 25, -l - u - 5 = 0. Give j(l).
-9
Suppose 8*l = 3*l + 145. Let r = 21 - l. Let k(z) = -z**3 - 8*z**2 + 3*z - 1. Give k(r).
-25
Let n be (4/7)/((-6)/(-21)). Let p(t) = -t**3 - 1 + 4*t**2 - 2*t + 2*t**n - 4*t**2 + 0*t**3. Determine p(2).
-5
Let l be 0/((-40)/50*20/(-8)). Let k(i) = 7*i + 6. Determine k(l).
6
Let l(i) = 3*i - 2. Let d(m) = -3*m**3 + 29*m**2 - 15*m - 30. Let x be d(9). Calculate l(x).
-11
Let o(y) = 5*y - 1 + 0 - 4 - 4*y. Let b be 0 - -3 - (6 - 6). Let t be -3 + b/3 + 2. Calculate o(t).
-5
Let w be 0 - (-1 - 5) - 4. Let m(b) = -2*b**3 - 2*b + 3. What is m(w)?
-17
Let p be (-6 + 3 - -2)*6. Let y be p/9 - 14/(-3). Suppose f - 2*s = 13, -5*f + 2*f - y*s = 1. Let x(q) = q + 2. Calculate x(f).
7
Let w(z) = z**2 + 